c + 4. Let p(o) = -22*o**2 - 1. Let f(h) = -10*p(h) - 2*v(h). What is f(4)?
26
Let h = 633 - 628. Let f(a) = 6*a**2 + a. Let z(q) = 6*q**2 + q. Let c(o) = h*f(o) - 6*z(o). Determine c(1).
-7
Let n(r) be the first derivative of -3*r**4/4 + 2*r**3/3 - r**2 + 2*r + 682. Calculate n(2).
-18
Let u be -3 - ((-21)/(-4))/(6/16). Let s = u + 18. Let h(w) = -81 + 0*w**2 + 80 - 2*w**2. Calculate h(s).
-3
Let j(i) = -i**3 + 12*i**2 + 11*i + 17. Suppose -149*u - 174 = -2111. Calculate j(u).
-9
Let z(t) = t**3 + 2*t**2 - 3*t - 2. Suppose 0 = -3*f - 5*a + 29, f - 3 + 4 = a. Suppose -5*n - 398 = 3*y - 138, n + 52 = f*y. Let r = n + 50. Calculate z(r).
4
Let a(o) = -19*o - 225. Let d(i) = -16*i - 5. Let s(r) = a(r) - 2*d(r). Determine s(16).
-7
Let a be 3 + 16 - (1 + 0). Suppose 0 = 3*o + 4*z + 29, -2*o - 5*z = -3*z + a. Let l = -16 - o. Let k(t) = t**3 + 8*t**2 - 9*t - 3. Calculate k(l).
-3
Suppose -52 = 44*l - 18*l. Let g(z) = 6*z**3 + 3*z**2 + 3*z + 5. Determine g(l).
-37
Let p(u) = u**2 - 9*u + 10. Let t be (-66)/(-7)*(42 - 35). Suppose 0 = 14*z - t - 60. Give p(z).
10
Let m(k) = -16*k + 370. Let j(i) = 4*i - 85. Let l(h) = 26*j(h) + 6*m(h). Calculate l(-7).
-46
Let q(a) = -8*a**2 - 6*a + 14*a + a**3 - 2*a - 10*a - 2. Let o(m) = 4*m**3 - 25*m**2 - 13*m - 7. Let b(k) = 2*o(k) - 7*q(k). What is b(-5)?
15
Let p(t) = 4*t**2 - 29*t - 3. Suppose 402*u = 392*u + 70. Give p(u).
-10
Let r(n) = -9*n - 2237 + 0*n - 2238 + 4485. Give r(7).
-53
Let u(i) = 120*i**3 + 1 + 5*i + 114*i**3 - 355*i**3 - 12*i**2 + 122*i**3. Determine u(12).
61
Let j(p) = 7*p**2 - 20 - 260*p - p**3 - 260*p + 532*p. What is j(8)?
12
Let f(l) = l**2 + 3*l - 1. Suppose -39 = -15*c + 14*c. Let h = 75 - c. Let q be h/(-16) - 9/12. Give f(q).
-1
Let q(f) = -f**3 - f**2 + f + 6. Let g(z) = 2*z**3 - 20*z**2 + 25*z + 56. Let d be g(8). Determine q(d).
6
Let v(p) = -52 + 5*p - 6*p**2 + 279*p**3 - 4*p**2 - 144*p**3 - 136*p**3. Determine v(-11).
14
Let w(h) = h**3 - 4*h**2 + 4*h - 4. Let r = 107 - 947. Let p = 843 + r. Calculate w(p).
-1
Let q(d) be the third derivative of d**6/120 - 3*d**5/10 + 35*d**4/12 - d**3/2 + 2*d**2 - 399*d. What is q(6)?
-15
Let k(j) = -98*j - 2649. Let s be k(-27). Let w(c) be the third derivative of 1/2*c**3 + 0 - 1/60*c**5 - c**2 - 1/12*c**4 + 0*c. Determine w(s).
0
Let w be ((-6)/(-7))/(-3) - (-32)/14. Let u(k) be the first derivative of 2*k**2 + 4*k - 2279. What is u(w)?
12
Let l(a) = 4*a + 1. Let x(o) = 13*o - 8. Let c(q) = 2*q. Let r(d) = 6*c(d) - x(d). Let u be r(9). What is l(u)?
-3
Let k(y) be the second derivative of y**5/60 - 7*y**4/12 + 7*y**3/6 + 151*y**2/2 - 3*y + 31. Let m(v) be the first derivative of k(v). Calculate m(13).
-6
Suppose 2*c + q = 5, 154*q = -4*c + 159*q + 59. Let n(a) = 2*a**2 - 11*a - 1. What is n(c)?
5
Let n(t) = -t**3 + 8*t**2 + 8*t + 12. Let m(v) = v**3 + 13*v**2 + 19*v - 24. Let h be m(-11). Let x be n(h). Let c(k) = 3*k**2 - 2*k + 3. Give c(x).
24
Let s(g) = -6*g + 3. Let x(c) = -7*c + 2. Let n(w) = -6*s(w) + 5*x(w). Let d(j) = j**2 + 29*j - 204. Let v be d(6). Give n(v).
-2
Suppose 87*a = -75*a + 16*a + 584. Let p(z) = -z**3 + 7*z**2 - 13*z + 2. What is p(a)?
-2
Suppose 2*s = -s + 18. Let v(k) be the second derivative of -1/6*k**3 + 11 - 2*k - k**2. Give v(s).
-8
Let i(g) = -3*g - 56. Suppose 10*s + 15 = 9*s + 2*p, -p = 5*s + 97. Determine i(s).
1
Let i(z) be the second derivative of z**4/12 - 2*z**3/3 + 13*z**2/2 - 103*z + 1. What is i(5)?
18
Let o(s) = -2*s**2 + 26*s - 15. Let i = -2180 - -2192. Determine o(i).
9
Let t(d) = -1 + 8*d - 3 + 4 - 3. Let x(r) = -r**2 + 7*r + 65. Let z be x(19). Let g = z - -165. Give t(g).
13
Let s(i) = -16*i**2 + 38*i - 1. Let g be s(2). Let n(y) = 0*y**3 - y**3 + 0 - 4*y + 5*y + 11*y**2 - 4. Give n(g).
7
Let d(k) = -k**2 + 6*k - 5. Suppose 0 = -5*o + 40 - 0. Suppose -5*f - 4*t + 50 = 0, 0 = -2*f - 3*t + 35 - o. Calculate d(f).
-5
Let x(q) be the third derivative of -q**7/840 - q**6/60 - q**4/12 + 91*q**3/3 - 20*q**2. Let f(n) be the first derivative of x(n). Give f(-6).
-2
Let h = -20 + 11. Let j = h - -18. Let m be (-6)/j*(-15)/(-10). Let u(y) = -5*y**2 + 2*y + 1. Calculate u(m).
-6
Let j(g) = -7*g + 34. Let z(u) = 4*u - 19. Let f(l) = 6*j(l) + 11*z(l). Determine f(-3).
-11
Let g(v) = v**2 - 5*v + 2. Let r = -4 + 9. Let t be g(r). Let z(y) be the third derivative of -y**6/120 + y**5/60 - y**3/6 + 1933*y**2. Give z(t).
-5
Let v = -85/246 - -104/123. Let x(o) be the second derivative of -3/2*o**2 - 7*o + 0 - v*o**4 + 7/6*o**3 - 1/20*o**5. Calculate x(-7).
-3
Let r be 816/160 - (-2)/(-20). Suppose -x + 5*q + r = 7*q, 2*q + 50 = 4*x. Let j(y) = y**3 - 12*y**2 + 11*y + 7. Calculate j(x).
7
Let n(j) be the third derivative of 7*j**5/60 + j**4/4 + 2*j**3/3 + 4243*j**2. What is n(-2)?
20
Let b = 187 - 195. Let x(u) = -u**3 - 10*u**2 - 13*u + 30. Calculate x(b).
6
Let y = 2756 + -1095. Let n(m) = -4 + 0 + 1652*m - y*m. Give n(6).
-58
Let c(o) be the second derivative of o**5/20 + 3*o**4/4 - 3*o**3 + 47*o**2/2 - 185*o - 8. Calculate c(-11).
3
Let o(k) = 16*k - 75. Let n(t) = 31*t - 143. Let b(z) = 5*n(z) - 9*o(z). Give b(-8).
-128
Let s(u) = u. Suppose -262 - 214 = 2*l. Let j = l - -234. Give s(j).
-4
Let x(a) = -42*a - 827. Let z be x(-20). Let n(v) = -v**3 + 14*v**2 - 12*v - 15. Determine n(z).
-2
Let j(n) = n + 3. Let d(i) = -2*i**2 + 3*i + 10. Let a(c) = 2*c**2 - 2*c - 10. Let k(w) = 4*a(w) + 3*d(w). Let z be k(-3). Suppose 5*v + z = 20. What is j(v)?
6
Let h(m) = -3*m + 3. Let k(u) = -12 + 5*u**2 - 4*u**2 + 15*u - 3. Let j(t) = -11*h(t) - 2*k(t). Let b = 84 - 81. Calculate j(b).
-12
Suppose -1487*y + 1488*y - 10 = -i, 38 = 4*i + 2*y. Let w(p) = p**2 - 12*p + 10. Let k(d) = 5*d**2 - 61*d + 49. Let h(u) = 2*k(u) - 11*w(u). Determine h(i).
-3
Suppose 0 = 2*a + 4*o - 4, 2*o + 2*o = -16. Suppose 2 = 4*d + 4*z + a, -16 = -4*d + 2*z. Let u(q) = 275 - 2*q**d - 275 + q**3. Give u(2).
0
Let s(j) = 11*j - 26. Suppose 2*x - 4*h + 12 = 0, x - 103*h - 6 = -104*h. Determine s(x).
-4
Let g(y) = -15*y - 59. Let v = -3836 - -3831. Determine g(v).
16
Let k(o) = 5 - 91*o - 78*o + 242*o + 2 - 81*o. Determine k(-8).
71
Let r be -1*((-3069)/(-792) - (-2)/16). Let z(u) = -2*u**2 - u + 2. What is z(r)?
-26
Let a(t) be the second derivative of t**6/120 + t**5/10 + 7*t**4/24 + t**3/2 - 133*t**2/2 - t + 6. Let m(g) be the first derivative of a(g). Calculate m(-5).
-7
Let c(h) be the first derivative of -h**3/3 - 15*h**2/2 - 59*h - 1774. Calculate c(-7).
-3
Let p(x) = -x**2 - 9*x + 11. Let u be p(-8). Suppose 0 = -u*z - 13 - 101. Let w(s) = 2*s + 9. Determine w(z).
-3
Let m(w) be the first derivative of -w**6/180 - 11*w**5/120 + w**4/12 - 80*w**3/3 + 120. Let q(o) be the third derivative of m(o). What is q(-8)?
-38
Let w(x) = -2*x**2 - 4*x - 6. Let s(z) = 82*z + 2704. Let h be s(-33). Calculate w(h).
-6
Let q(l) = 1228*l + l**2 + 2 - 1231*l + 0 + l**3 + 3*l**2 - 2*l**2. Suppose -5*w - 27 = 4*y, -2*w + 6 = -7*y + 3*y. What is q(w)?
2
Let m(c) = -47*c + 245. Suppose -37*y = -39*y - 6*t - 14, -45 = -5*y + 5*t. Give m(y).
10
Let i(p) be the second derivative of p**5/20 + 3*p**4/4 - 25*p**3/6 + 6*p**2 + 22*p + 73. Give i(-11).
45
Let m(o) = o**3 + 12*o**2 - 55*o - 747. Let p be m(-11). Let j(u) = -2*u**2 - 41*u + 11. Give j(p).
-10
Let i(p) be the first derivative of -5*p**3/3 - 3*p**2/2 + 17*p + 2101. What is i(4)?
-75
Let z(u) = 15*u**2 - 3*u + 6. Let j be z(3). Suppose -w + j = -3*w. Let n = w - -71. Let c(g) = -g**3 + 6*g**2 - 4*g - 7. Determine c(n).
-2
Let n(r) = -2*r**2 + 138*r + 26654. Let k be n(155). Let p(u) = -4 - u - u - 11. Determine p(k).
-3
Let c(m) = m**3 + 3*m**2 - 4*m - 10. Let q be c(-2). Let f(z) = 7*z - 18. Let a(u) = 2*u + 1. Let p(l) = q*f(l) - 6*a(l). What is p(19)?
-4
Let u(r) = r**2 - 3*r - 33. Suppose -15*l = -129 - 6. What is u(l)?
21
Let g(a) = -17*a - 30. Let v(n) = -20*n - 32. Let m(d) = 7*g(d) - 6*v(d). Give m(0).
-18
Let v(n) = -n**3 + 20*n**2 - 20*n + 21. Let p be v(19). Suppose m = -2*k - 1, 4*m + p = 2*k - 22. Let w(l) = l**2 + 2*l. Calculate w(k).
8
Let p(b) be the first derivative of -b**3 - 3*b**2/2 - b + 10. Let a be 4/10 + ((-72)/(-20))/1. Suppose -a*f + 3*g - 11 = 0, 5*f - 6*f - 6 = -4*g. What is p(f)?
-7
Suppose -4 = -8*j + 4. Suppose 4*c = -5*m + 6 + 13, 3*m - 3*c = 33. Let i(d) = -3*d - 4 - 3*d +